{"id":53,"date":"2013-01-16T13:52:08","date_gmt":"2013-01-16T12:52:08","guid":{"rendered":"http:\/\/www.kurzzeittherapie-neu-ulm.de\/?page_id=53"},"modified":"2023-07-04T08:20:43","modified_gmt":"2023-07-04T07:20:43","slug":"paartherapie-paarberatung","status":"publish","type":"page","link":"https:\/\/www.kurzzeittherapie-neu-ulm.de\/?page_id=53","title":{"rendered":"Paartherapie \/ Sexualtherapie \/ PaarCoaching"},"content":{"rendered":"<blockquote><p><strong>&#8230;MAKE YOUR MARRIAGE AND FAMILY (AND COMMUNITY) A PLACE OF PEACE AND JOY&#8230;<strong>\u00a0 \u00a0<\/strong><\/strong><span style=\"font-size: 12pt;\">David Schnarch, Intimacy and Desire<\/span><strong><strong><strong>\u00a0<\/strong><\/strong><\/strong><\/p><\/blockquote>\n<p style=\"text-align: center;\"><strong>Was kann Paartherapie\/ Sexualtherapie od. PaarCoaching anbieten :<\/strong><\/p>\n<p style=\"text-align: center;\">&#8230; l\u00f6sungsorientierte\u00a0&#8211; qualifizierte &#8211; fachliche &#8211; externe &#8211; kompetente &#8211; allparteiliche &#8211; systemische &#8211; repektvolle &#8211; wertsch\u00e4tzende &#8211; ressourcenorientierte &#8211; faire &#8211; konstruktive &#8211;\u00a0unterst\u00fctzende &#8211; wohlwollende &#8230;<br \/>\n&#8230; Beratung &#8211; Begleitung &#8211; Reflexion &#8211; Supervision &#8211;\u00a0Coaching &#8211; Moderation &#8211;\u00a0Mediation &#8211; Unterst\u00fctzung &#8230;<\/p>\n<p style=\"text-align: center;\"><strong>f\u00fcr :<\/strong><\/p>\n<p style=\"text-align: center;\">&#8230; Motivierte Paare &#8211; Liebespaare &#8211; Ehepaare &#8211; Homosexuelle Paare &#8211; Junge Paare &#8211; Alte Paare &#8211; Elternpaare &#8211; Gro\u00dfelternpaare &#8211; Trennungspaare &#8211; Scheidungspaare\u00a0 &#8230;<\/p>\n<p style=\"text-align: center;\"><strong>zur Verbesserung \/ Ver\u00e4nderung von :<\/strong><\/p>\n<p style=\"text-align: center;\">&#8230; Kommunikation &#8211; Sexualit\u00e4t &#8211; Streitmustern &#8211; Konfliktsituationen &#8211; Probleml\u00f6sungen &#8211; Krisen &#8211; Erotik\u00a0 &#8211; Abschied &#8211; Trennung &#8211; Beziehungskultur &#8211; Achtsamkeit &#8230;<\/p>\n<h4><strong>Wie geht Paar- und\/oder Sexualtherapie :<\/strong><\/h4>\n<p>Nach einem 1. Kontakt \u00fcber Telefon oder Email\u00a0 findet eine 1. gemeinsame Sitzung ( 60 Min.) statt.<br \/>\nIn dieser werden sowohl die Themen und Erwartungen des Paares als auch meine therapeutische Einsch\u00e4tzung dazu gekl\u00e4rt.<br \/>\nWenn die Entscheidung f\u00fcr einen gemeinsamen Proze\u00df gefallen ist, wird das Setting festgelegt:<\/p>\n<p style=\"text-align: left;\">Normalerweise reicht eine monatliche PaarSitzung (90 &#8211; 120 Min. ) aus, um anstehende Probleme anzusprechen und erste L\u00f6sungen zu finden &#8211; die zus\u00e4tzliche und erforderliche Hauptarbeit ist die &#8220;Hausarbeit&#8221; &#8211; n\u00e4mlich das Umsetzen der gewonnenen Erkenntnisse zuhause im konkreten PaarAlltag\u00a0 (z.B. Paargespr\u00e4che). Bei akuten Krisen k\u00f6nnen die Abst\u00e4nde zwischen den Sitzungen verringert werden &#8211; auch wird bei Bedarf der Proze\u00df durch Einzelgespr\u00e4che erg\u00e4nzt.<\/p>\n<p>F\u00fcr manche Paare empfehlen sich allerdings 3-6 st\u00fcndige Sitzungen&#8230;.<\/p>\n<p style=\"text-align: left;\"><strong>Sexualtherapie<\/strong> oder<strong> Trennungsbegleitung <\/strong>werden ma\u00dfgeschneidert konzipiert.<\/p>\n<p>Ebenso individuell wird ein<strong> PAARCOACHING<\/strong> vereinbart , d.h. keine Therapie sondern Regeln und Schulung,z.B. im Umgang mit Konflikten und Kommunikation .<\/p>\n<p style=\"text-align: left;\">Wenn ein Paar dies w\u00fcnscht, kann auch ein weiterer (m\u00e4nnlicher) Therapeut zur Proze\u00dfbegleitung hinzugezogen werden &#8211; ich kooperiere gerne mit meinen Kollegen.<\/p>\n<p style=\"text-align: left;\">F\u00fcr <strong>Mediation<\/strong>sprozesse- vorwiegend als Trennungsberatung &#8211; biete ich vorzugsweise eine Kooperation mit meinem Mann,\u00a0\u00a0\u00a0\u00a0\u00a0\u00a0 Martin Fahrenkamp (Anwalt f\u00fcr Familienrecht und Mediator in Ulm), in erg\u00e4nzender juristischer Kompetenz an.<\/p>\n<p>Zudem gibt es Angebote f\u00fcr Paare,sich gemeinsam auf ein<strong> Sexualit\u00e4ts-und \/oder Achtsamkeitstraining <\/strong>einzulassen&#8230;!<\/p>\n<h4><strong>Wie gelingt Paar -\/ Sexualtherapie:<\/strong><\/h4>\n<p>Die wichtigsten Vorraussetzungen f\u00fcr das Gelingen der Paartherapie\u00a0 sind\u00a0 zun\u00e4chst Ziele, Motivation und Offenheit, d.h. sich (neu) einlassen auf den\/die PartnerIn, auf Ver\u00e4nderung, auf den spannenden Proze\u00df der Paar-Ent-Wicklung. Des weiteren braucht es dann die Disziplin und den gegenseitigen Respekt, denn die ma\u00dfgeschneiderten L\u00f6sungen sind Angebote, die nur so gut sind, wie sie umgesetzt werden. Auch in der Beziehungskultur\/ Sexualkultur gibt es nur wenige Meister, die vom Himmel fallen &#8230;<\/p>\n<h4 id=\"kosten_paartherapie\">Was kostet Paartherapie:<\/h4>\n<p>Therapie und Beratung f\u00fcr Paare ist keine Kassenleistung und wird privat bezahlt.<br \/>\n1 Sitzung (\u00e1 90-120 Min.) im Monat reicht meistens , kostet\u00a0 pro 60 Min.<strong> 120 Euro<\/strong><br \/>\n(und ist dadurch deutlich g\u00fcnstiger als jeder anhaltende Konflikt oder eine Scheidung&#8230;&#8230;)<\/p>\n<blockquote><p><strong><strong>THE ROOT OF THE PROBLEM, OF EVERY PROBLEM &#8211; IS THE SEPARATION FROM LOVE <\/strong>(Barry Long)<\/strong><\/p><\/blockquote>\n<p>Ich bin <strong>Paar- und Sexual-therapeutin seit 1988<\/strong>\u00a0 -Ausbildung bei Hans Jellouschek und Margret Kohaus-Jellouschek (gest.1998) -und habe mich seither mit verschiedenen Ans\u00e4tzen in der Paar-und Sexualtherapie besch\u00e4ftigt (-nicht nur theoretisch!) und ausbilden lassen &#8212; Wichtige LehrerInnen waren -und sind- u.a. Gunther Schmidt, M.L.M\u00f6ller, Barry Long , Diane u.Michael Richardson und seit Jahren v.a. David Schnarch<\/p>\n","protected":false},"excerpt":{"rendered":"<p>&#8230;MAKE YOUR MARRIAGE AND FAMILY (AND COMMUNITY) A PLACE OF PEACE AND JOY&#8230;\u00a0 \u00a0David Schnarch, Intimacy and Desire\u00a0 Was kann Paartherapie\/ Sexualtherapie od. PaarCoaching anbieten&hellip;<\/p>\n","protected":false},"author":1,"featured_media":0,"parent":155,"menu_order":0,"comment_status":"closed","ping_status":"open","template":"","meta":{"_s2mail":"yes","footnotes":""},"aioseo_notices":[],"_links":{"self":[{"href":"https:\/\/www.kurzzeittherapie-neu-ulm.de\/index.php?rest_route=\/wp\/v2\/pages\/53"}],"collection":[{"href":"https:\/\/www.kurzzeittherapie-neu-ulm.de\/index.php?rest_route=\/wp\/v2\/pages"}],"about":[{"href":"https:\/\/www.kurzzeittherapie-neu-ulm.de\/index.php?rest_route=\/wp\/v2\/types\/page"}],"author":[{"embeddable":true,"href":"https:\/\/www.kurzzeittherapie-neu-ulm.de\/index.php?rest_route=\/wp\/v2\/users\/1"}],"replies":[{"embeddable":true,"href":"https:\/\/www.kurzzeittherapie-neu-ulm.de\/index.php?rest_route=%2Fwp%2Fv2%2Fcomments&post=53"}],"version-history":[{"count":88,"href":"https:\/\/www.kurzzeittherapie-neu-ulm.de\/index.php?rest_route=\/wp\/v2\/pages\/53\/revisions"}],"predecessor-version":[{"id":1380,"href":"https:\/\/www.kurzzeittherapie-neu-ulm.de\/index.php?rest_route=\/wp\/v2\/pages\/53\/revisions\/1380"}],"up":[{"embeddable":true,"href":"https:\/\/www.kurzzeittherapie-neu-ulm.de\/index.php?rest_route=\/wp\/v2\/pages\/155"}],"wp:attachment":[{"href":"https:\/\/www.kurzzeittherapie-neu-ulm.de\/index.php?rest_route=%2Fwp%2Fv2%2Fmedia&parent=53"}],"curies":[{"name":"wp","href":"https:\/\/api.w.org\/{rel}","templated":true}]}}